+ -112 + (-1 - 0 - (14 + 0))?
-6
(1 - -31) + (-42 + 45 - 8) + 13
40
Calculate -6 + (16 - 2) - (-5 - 26) - 11.
28
Calculate 29 + (-72 - (34 - (-9 - -35))).
-51
-27 + (16 - (-7 - (-18 + -17)))
-39
Evaluate 22 - (14 + -20 - -31).
-3
Calculate 18 + (-21 - (16 + 0 - 57)).
38
(14 - (35 + (-13 - -3))) + 2 + -4 + 9
-4
Calculate (23 - 35) + 7 + 5 - -63.
63
Calculate 10 + (1 + -5 - (3 - 3)) - (3 - -60).
-57
What is the value of 29 - (30 + (17 - -3))?
-21
Evaluate -30 + (-59 - -110) + -78.
-57
Calculate -68 + -1 - (-1352 - -1342).
-59
What is the value of -64 + 37 + -47 - -56?
-18
(917 - 942) + -22 + 1 + 2
-44
Evaluate -76 + 73 + (2 - 0) + -5 + (-22 - -49).
21
Calculate -15 - -8 - -18 - (159 - 163).
15
What is 1 + -14 + -37 - -51?
1
Calculate -64 - -1 - (875 - 866) - (24 + -4).
-92
What is -44 + -11 + 52 + -20?
-23
What is the value of (-8 - -19) + 36 + 3 + (-14 - -2)?
38
Evaluate (5 + 14 - 4) + (7 - 7 - 6) + 1.
10
Calculate -96 + 16 + 50 + 8.
-22
Evaluate (35 - 14) + -4 + -12 + -49 - 20.
-64
What is -1 + -8 + (-19 - (38 - 46)) + (-3 - 33)?
-56
Calculate (15 - ((1 - -3) + 12)) + 21.
20
What is the value of -24 - (15 - (42 + (4 - 25)))?
-18
-22 + 19 + 3 + (18 + 3 + -5 - 1)
15
Calculate (10118 - 10149) + 61 + -1 + -1.
28
What is the value of 15 - 122 - (-18 + 3) - (-12 + 3)?
-83
What is (9 - (-67 + -9)) + 11 + (-11 - -15)?
100
-18 - (4 + -14) - (-33 + 32)
-7
Calculate 79 + -24 + -25 + 25 - -36.
91
What is the value of -11 + -3 + 34 - -14?
34
Evaluate (1 - (19 + 23)) + 39 - 10.
-12
Evaluate 4 - 15 - (14 + -1 + -62 + 79).
-41
What is the value of 67 - 54 - (-5 - (-6 + 15))?
27
What is the value of 50 + -2 + -7 - 67?
-26
(9 - (18 + 3 - (23 + -14))) + 20
17
What is -34 + -24 + 27 + 32 - 85?
-84
What is 16 - (10 - (16 - 17) - 22)?
27
Calculate 1 - (29 + -17) - (-7 + 11 - 77).
62
What is 23 + -6 + -12 + -20 + -4 + 8?
-11
What is the value of (8 - -1) + (-238 - (-173 + -81))?
25
What is the value of (108 - 13) + -54 + (4 - 4)?
41
What is -62 - (56 - (8 - -133))?
23
What is the value of (20 - 11) + 0 - (4 + (-8 - -1) + 3)?
9
What is the value of 278 + -279 + (1 - -2 - (0 + 0) - -61)?
63
Calculate -44 + (-21 - -55 - 28) - (2 - 6).
-34
What is -3 + (-1 + -29 + -26 + 42 - (0 - 132))?
115
Calculate -17 - (38 - (-13 - 11) - 38).
-41
Calculate 52 + 3 + (27 + -14 - 55).
13
-331 - -117 - -270 - (-32 + -1)
89
What is the value of -794 + 821 + -45 + -1 - 24?
-43
(399 - 423) + (-3 - -4) + 2
-21
What is -27 + -87 + 80 + 3 + 59?
28
Calculate -1 + -2 + -5 + -17.
-25
Calculate -1 + 21 - (78 + -270 - -184).
28
What is the value of 1 + (-105 - (-183 + 29))?
50
Evaluate 3 + (60 - 69 - -31).
25
(-34 + -54 - -120) + (0 - -18)
50
Calculate (-17 - 6) + 46 + -90.
-67
25 + -63 + (-45 - -72)
-11
What is (-281 - -280) + (6 - 3) + -3 + -53?
-54
-336 + 301 + (5 + 23 - -2)
-5
-7 + (80 - 54) + -65
-46
Calculate -6 + (-22 - 2 - -18).
-12
What is (-3 - -55) + -2 + -1239 + 1245?
56
Evaluate (-24 + 8 - (-53 + 0)) + 0 + -4 + -1.
32
What is the value of -50 - (36 + -64 - 35)?
13
Calculate -36 - (17 + -14 + 1 + 6 + 16 + -20).
-42
Calculate 0 - (13 - 0 - (427 - 449)).
-35
What is the value of -10 + (31 + -14 - (2 - 17))?
22
Calculate (94 - (76 + 57)) + (26 - 2).
-15
What is the value of 0 + -1 + 20 - (-32 + 88)?
-37
28 + -3 + (45 - 58)
12
What is the value of -35 + 35 + -42 + 27?
-15
1210 + -1226 + (1 - -5) + (-55 + 1 - 1)
-65
What is (2 - 37) + (-7 - (8 - 3)) + 17?
-30
Calculate -25 - -5 - (0 - (-11 + (-2 - -2) + 3)).
-28
Evaluate -11 - 5 - (-1 + -11 + -28).
24
Evaluate 2 + 6 + (-8 - (3 + -12 + -4)).
13
Calculate -53 + -40 + 4 + 2 + (14 - (-3 + 5)).
-75
Evaluate 104 - 95 - (4 - (1 - 2)) - 46.
-42
What is -358 + 379 - (-19 + -7)?
47
What is the value of -826 + 906 + (9 - 102)?
-13
What is -14 + -19 + -32 + (14 - (-5 + 12))?
-58
What is the value of (-633 - -660 - (43 - -3)) + (16 - 0)?
-3
What is 21 + -47 + (20 - (19 + 6))?
-31
(-13 - (7 - (2 - 0 - (22 - 32)))) + 10
2
What is -148 - (-93 - 42) - (1 + 9)?
-23
What is the value of -421 + 437 + -1 + 27 + 0?
42
Evaluate 12 + (0 - (59 - 42)).
-5
Evaluate -50 + 23 + -10 + 28 + -46.
-55
What is -32 - (3 - (1 + 1) - (-302 - -292))?
-43
What is the value of (-13 - -65 - (4 + -6)) + -8 + 13?
59
What is -51 + (51 - 0) + -27 + (1 - 9)?
-35
(-5 - -59 - 11) + 0 + (2 - 11 - -4)
38
What is the value of ((-11 - -33) + -10 + -24 - -8) + -9?
-13
(2 - -4) + 14 + 0 + 13 + 0
33
(326 - 176 - 108) + -2 + -97
-57
Evaluate 30 + -23 - (11 + -20 + 82 + 0).
-66
What is -223 + 166 + -2 + -6 + 0?
-65
Calculate 13 + (-11 + 11 + 9 - ((44 - 13) + 19)).
-28
-82 - (-48 + (-19 - -62))
-77
(-2 - (12 + -2) - -13) + 6 + 45 + -6
46
Calculate 2 + -21 + (249 - 226) - -23.
27
34 + 128 + (-87 - -14)
89
-3 + -83 + (-2396 - -2525)
43
What is the value of 1 + -85 + (-25361 - -25416)?
-29
What is -12 + -5 + 33 + 19 + -18 + -15?
2
What is 30 + 4 + -8 + (405 - 368)?
63
Evaluate (174 - 133) + (2 - (-2 + 3)).
42
What is (-88 - (453 - 461)) + (15 - 2) + -1 + 0?
-68
What is the value of (-18587 - -18618) + (103 - 0)?
134
What is -33 - 12 - (-1 + 6 - 4) - (-10 - -2)?
-38
What is -12 + (2 + -4 + 0 + 1 - (-229 - -222))?
-6
What is the value of (23 - 2) + (78 - (23 - -38))?
38
What is the value of -12 - (6 - 22) - (6 - 5)?
3
(51 - (3 + -7) - 3) + (166 - 165)
53
What is the value of (734 + -762 - (37 - 0)) + (-17 - 0)?
-82
17 - (-6 + -1) - (186 - 197)
35
What is the value of 119 + (-302 - -108) - -90?
15
-4 + -2 - (-14 - 0) - 0 - (39 - 33)
2
What is -77 - ((68 - 77) + -40)?
-28
4 - -29 - ((-15 - 2) + (-5 - -18))
37
5 + (11 - 18) + 4 - (-11 - -61)
-48
(3 - -35 - (37 - 34)) + -16
19
What is the value of -7 - 2 - ((56 - 20) + -53) - -25?
33
Calculate (12 - (15 - 63)) + -103.
-43
What is 8 + (7 - 16) + 0 + 3?
2
What is the value of 167 + (-45 - 51) + -37?
34
Evaluate -38 - (-6 - 20 - -6) - -23.
5
Evaluate 38 + (-52 - -83) + -6 + 18 + 1.
82
What is the value of 6 - 20 - (-6 - 16) - (46 + -55)?
17
What is 97 + -17 + (-20 + 13 - -21) - (2 + -15)?
107
Calculate 2008 + -2010 + (-2 - -2 - -11) - -1.
10
-1 + (-15 - -15) - 3 - (-3 + (-21 - 6))
26
What is -48 + 51 - (4 - -10) - (-4 - 1)?
-6
Evaluate 1049 + -1023 - (8 + 102).
-84
Calculate -1 - 2 - (0 + -41) - (21 - 15 - 15).
47
What is -3 + 18 - -29 - (12 - 28)?
60
What is 6 - (0 + -2 + (40 - (90 + -41)))?
17
What is -30 + -13 + 53 - 25 - 93?
-108
What is -106 + (-260 - -276) + -30 + -1?
-121
What is the value of 0 - 10 - (8 + -9 - (-21 + 33))?
3
Evaluate -4149 + 4191 + (-121 - 0).
-79
13 + (52 - 29) - -1
37
What is the value of 41 + (5 + -47 + 22 - -8)?
29
(0 - (10 + -31)) + -32 + (-14 - 0)
-25
(-47 - (-2 - 4)) + -4 - (1 - -7) - -2
-51
What is -93 - (41 + -63) - -31?
-40
What is (39 - -4) + (-390 - -324)?
-23
Evaluate -20 + (21 + -1 - (1 + 0)).
-1
Calculate 1 + 23 - (86 - (175 - 85)).
28
(-327 - -326) + (-10 - 50) + (-2 - 0)
-63
What is the value of (-42 - -85 - 22) + -169 + 44?
-104
Evaluate 35 + (-48 - -82 - 72).
-3
Calculate -8 - (27 - 52 - 70 - (-12 + 0)).
75
Evaluate -38 - ((33 + -8 - 5) + -8 + 9 - 12).
-47
Calculate 22 + -2 + 2 + -8 + -14 + 19 + -6.
13
-5 + 11 + -70 - (-68 - -50)
-46
Calculate 3 - (20 + (-23 - (-2 + (-2 - 8)))).
-6
What is the value of 4 + -17 + 4 - -24 - 34?
-19
Calculate 43 + (0 - (-2 + 20 + -5 - 0)).
30
What is the value of (3 - (20 + -14)) + 12 - (-2 - (1 - 51))?
-39
What is 40 - (-4 + -7 + 8) - 4 - 1?
38
What is the value of (-37 - 1) + ((7 - 0) + 0 - (-3077 + 3083))?
-37
What is (-26 - 19 - -24) + 0 + 19?
-2
What is the value of (5 - (6 + 9 + -4)) + -96 + 117?
15
-176 + 313 + -105 + -8
24
What is -12 + 43 + -14 + -2 - (80 + -2)?
-63
Calculate 42 + (4 - (106 + -143)).
83
What is the value of (-47 - 73) + (3 - 5 - 0 - -18)?
-104
Evaluate 162 + 129 + (-182 - -7).
116
-138 + -11 + 97 - 22
-74
Evaluate -108 + 10 + -85 + 85.
-98
Calculate -36 + (-88 - (-4 - 46 - -14)).
-88
What is the value of -14 + (139 - (-4 - (-7 + 4)) - (-66 + 71))?
121
Evaluate (109 + 1 - (56 - 45)) + -25.
74
Calculate -91 - (18 + -13 + (-18 - -3)).
-81
What is 0 - -125 - (1686 + -1629)?
68
What is 925 - 801 - (219 + 15)?
-110
What is 17 + (8 - (-2 + 5))?
22
What is the value of -241 + 143 + 1 + 48?
-49
-7 - (1 + (-17 - 2) - (82 + -94)) - 88
-89
What is the value of 0 - -18 - (30 - ((-1 - 16) + 40))?
11
What is (-3 - (-15 - -8)) + -4 - (-11 - -64)?
-53
What is -10 + 8 - 83